{"id":3252,"date":"2024-08-07T21:59:35","date_gmt":"2024-08-07T19:59:35","guid":{"rendered":"http:\/\/obkgqww.cluster023.hosting.ovh.net\/?page_id=3252"},"modified":"2024-12-17T19:03:32","modified_gmt":"2024-12-17T18:03:32","slug":"berlioz-et-son-temps","status":"publish","type":"page","link":"https:\/\/www.berlioz-anhb.com\/index.php\/mieux-connaitre-berlioz\/berlioz-et-son-temps\/","title":{"rendered":"Berlioz et son temps"},"content":{"rendered":"\n<figure class=\"wp-block-table is-style-stripes\"><table><tbody><tr><td><strong>1803<\/strong><\/td><td>Naissance d&#8217;Hector Berlioz \u00e0 La C\u00f4te-Saint-Andr\u00e9 le 11 d\u00e9cembre.<\/td><td><img loading=\"lazy\" decoding=\"async\" width=\"10\" height=\"20\" src=\"http:\/\/berlioz-anhb.com\/images\/commun\/spacer.gif\"><\/td><td><strong>1803<\/strong><\/td><td>Cr\u00e9ation du Prix de Rome de musique.<\/td><\/tr><tr><td><strong>1809<\/strong><\/td><td>\u00c9tudes au s\u00e9minaire.<\/td><td><img loading=\"lazy\" decoding=\"async\" width=\"10\" height=\"20\" src=\"http:\/\/berlioz-anhb.com\/images\/commun\/spacer.gif\"><\/td><td><strong>1809<\/strong><\/td><td>Mort de Haydn. Spontini\u00a0:\u00a0<em>Fernand Cortez<\/em>.<\/td><\/tr><tr><td><strong>1811<\/strong><\/td><td>Fermeture du s\u00e9minaire. Son p\u00e8re prend lui-m\u00eame la direction de ses \u00e9tudes.<\/td><td><img loading=\"lazy\" decoding=\"async\" width=\"10\" height=\"32\" src=\"http:\/\/berlioz-anhb.com\/images\/commun\/spacer.gif\"><\/td><td><strong>1811<\/strong><\/td><td>Naissance de Franz Liszt.<br>Inauguration de la salle du Conservatoire.<\/td><\/tr><tr><td>&nbsp;<\/td><td>&nbsp;<\/td><td><img loading=\"lazy\" decoding=\"async\" width=\"10\" height=\"20\" src=\"http:\/\/berlioz-anhb.com\/images\/commun\/spacer.gif\"><\/td><td><strong>1813<\/strong><\/td><td>Naissance de Richard Wagner.<\/td><\/tr><tr><td><strong>1815<\/strong><\/td><td>Premi\u00e8re rencontre avec Estelle.<\/td><td><img loading=\"lazy\" decoding=\"async\" width=\"10\" height=\"20\" src=\"http:\/\/berlioz-anhb.com\/images\/commun\/spacer.gif\"><\/td><td><strong>1815<\/strong><\/td><td>Les Cent-Jours. Waterloo.<\/td><\/tr><tr><td><strong>1816<\/strong><\/td><td>Apprend le flageolet.<br>Premi\u00e8res compositions.<\/td><td><img loading=\"lazy\" decoding=\"async\" width=\"10\" height=\"32\" src=\"http:\/\/berlioz-anhb.com\/images\/commun\/spacer.gif\"><\/td><td><strong>1816<\/strong><\/td><td>Rossini\u00a0:\u00a0<em>Le Barbier de S\u00e9ville<\/em>.<br>Niepce invente la photographie.<\/td><\/tr><tr><td><strong>1817<\/strong><\/td><td>Apprend la fl\u00fbte.<\/td><td><img loading=\"lazy\" decoding=\"async\" width=\"10\" height=\"20\" src=\"http:\/\/berlioz-anhb.com\/images\/commun\/spacer.gif\"><\/td><td><strong>1817<\/strong><\/td><td>Mort de M\u00e9hul.<\/td><\/tr><tr><td><strong>1819<\/strong><\/td><td>Propose des romances et d\u2019autres ouvrages \u00e0 des \u00e9diteurs parisiens. Apprend la guitare.<\/td><td><img loading=\"lazy\" decoding=\"async\" width=\"10\" height=\"32\" src=\"http:\/\/berlioz-anhb.com\/images\/commun\/spacer.gif\"><\/td><td><strong>1819<\/strong><\/td><td>G\u00e9ricault&nbsp;:&nbsp;<em>Le Radeau de la M\u00e9duse<\/em>.<\/td><\/tr><tr><td><strong>1821<\/strong><\/td><td>Est re\u00e7u bachelier \u00e8s lettres \u00e0 Grenoble.<br>Paris et d\u00e9but des \u00e9tudes m\u00e9dicales.<br>Commence \u00e0 fr\u00e9quenter l\u2019Op\u00e9ra.<\/td><td><img loading=\"lazy\" decoding=\"async\" width=\"10\" height=\"45\" src=\"http:\/\/berlioz-anhb.com\/images\/commun\/spacer.gif\"><\/td><td><strong>1821<\/strong><\/td><td>Mort de Napol\u00e9on. Weber&nbsp;:&nbsp;<em>Der Freisch\u00fctz<\/em>.<br>Naissance de Pauline Garc\u00eda [Viardot].<\/td><\/tr><tr><td><strong>1822<\/strong><\/td><td>Devient l\u2019\u00e9l\u00e8ve de Le Sueur.<\/td><td><img loading=\"lazy\" decoding=\"async\" width=\"10\" height=\"114\" src=\"http:\/\/berlioz-anhb.com\/images\/commun\/spacer.gif\"><\/td><td><strong>1822<\/strong><\/td><td><img loading=\"lazy\" decoding=\"async\" width=\"104\" height=\"114\" src=\"http:\/\/berlioz-anhb.com\/images\/berlioz\/liszt.gif\"><br>D\u00e9buts de\u00a0Liszt<br>\u00e0 Vienne.<\/td><\/tr><tr><td><strong>1823<\/strong><\/td><td>Premier article de critique musicale.<\/td><td><img loading=\"lazy\" decoding=\"async\" width=\"10\" height=\"32\" src=\"http:\/\/berlioz-anhb.com\/images\/commun\/spacer.gif\"><\/td><td><strong>1823<\/strong><\/td><td>Weber&nbsp;:&nbsp;<em>Euryanthe<\/em>.<br>La famille Liszt arrive \u00e0 Paris.<\/td><\/tr><tr><td><strong>1824<\/strong><\/td><td>Abandonne la m\u00e9decine.<em><br>Messe solennelle<\/em>.<\/td><td><img loading=\"lazy\" decoding=\"async\" width=\"10\" height=\"45\" src=\"http:\/\/berlioz-anhb.com\/images\/commun\/spacer.gif\"><\/td><td><strong>1824<\/strong><\/td><td>Mort de Louis XVIII et av\u00e8nement de Charles X. Premi\u00e8re repr\u00e9sentation du&nbsp;<em>Freisch\u00fctz<\/em><br>\u00e0 l\u2019Od\u00e9on.<\/td><\/tr><tr><td><strong>1825<\/strong><\/td><td>La&nbsp;<em>Messe solennelle<\/em>&nbsp;est ex\u00e9cut\u00e9e<br>\u00e0 Saint-Roch.<\/td><td><img loading=\"lazy\" decoding=\"async\" width=\"10\" height=\"30\" src=\"http:\/\/berlioz-anhb.com\/images\/commun\/spacer.gif\"><\/td><td><strong>1825<\/strong><\/td><td>Boieldieu&nbsp;:&nbsp;<em>La Dame blanche<\/em>.<br>Les Mendelssohn \u00e0 Paris.<\/td><\/tr><tr><td><strong>1826<\/strong><\/td><td>S\u2019inscrit au Conservatoire.<\/td><td><img loading=\"lazy\" decoding=\"async\" width=\"10\" height=\"20\" src=\"http:\/\/berlioz-anhb.com\/images\/commun\/spacer.gif\"><\/td><td><strong>1826<\/strong><\/td><td>Weber&nbsp;:&nbsp;<em>Oberon<\/em>. Mort de Weber.<\/td><\/tr><tr><td><strong>1827<\/strong><\/td><td>Assiste \u00e0\u00a0<em>Hamlet<\/em>\u00a0et\u00a0<em>Romeo and Juliet<\/em>\u00a0\u00e0 l&#8217;Od\u00e9on, o\u00f9 Harriet Smithson interpr\u00e8te Ophelia et Juliet.<\/td><td><img loading=\"lazy\" decoding=\"async\" width=\"10\" height=\"114\" src=\"http:\/\/berlioz-anhb.com\/images\/commun\/spacer.gif\"><\/td><td><strong>1827<\/strong><\/td><td><img loading=\"lazy\" decoding=\"async\" width=\"104\" height=\"113\" src=\"http:\/\/berlioz-anhb.com\/images\/berlioz\/delacroix.gif\"><br>Mort de Beethoven.<br>Hugo&nbsp;:<em>&nbsp;Cromwell<\/em>.<br>Delacroix&nbsp;:&nbsp;<em>Sardanapale<\/em>.<br>Nerval&nbsp;: traduction de&nbsp;<em>Faust<\/em>.<\/td><\/tr><tr><td><strong>1828<\/strong><\/td><td>Premier concert Berlioz au Conservatoire<\/td><td><img loading=\"lazy\" decoding=\"async\" width=\"10\" height=\"32\" src=\"http:\/\/berlioz-anhb.com\/images\/commun\/spacer.gif\"><\/td><td><strong>1828<\/strong><\/td><td>Fondation de la Soci\u00e9t\u00e9 des concerts<br>du Conservatoire.<\/td><\/tr><tr><td><strong>1829<\/strong><\/td><td><em>Huit Sc\u00e8nes<\/em>&nbsp;de Faust.<\/td><td><img loading=\"lazy\" decoding=\"async\" width=\"10\" height=\"20\" src=\"http:\/\/berlioz-anhb.com\/images\/commun\/spacer.gif\"><\/td><td><strong>1829<\/strong><\/td><td>Rossini&nbsp;:&nbsp;<em>Guillaume Tell<\/em>.<\/td><\/tr><tr><td><strong>1830<\/strong><\/td><td><img loading=\"lazy\" decoding=\"async\" width=\"160\" height=\"113\" src=\"http:\/\/berlioz-anhb.com\/images\/berlioz\/liszt_reunion.gif\"><br>Prix de Rome.&nbsp;<em>Symphonie fantastique<\/em>.<br>Fait la connaissance de Liszt.<br><em>Ci-dessus : une matin\u00e9e chez Liszt.<\/em><\/td><td><img loading=\"lazy\" decoding=\"async\" width=\"10\" height=\"114\" src=\"http:\/\/berlioz-anhb.com\/images\/commun\/spacer.gif\"><\/td><td><strong>1830<\/strong><\/td><td><img loading=\"lazy\" decoding=\"async\" width=\"104\" height=\"113\" src=\"http:\/\/berlioz-anhb.com\/images\/berlioz\/hugo.gif\"><br>Les Trois Glorieuses.<br>Hugo\u00a0:\u00a0<em>Hernani<\/em>.<br>Delacroix\u00a0:\u00a0<em>La Libert\u00e9<br>guidant le peuple<\/em>.<\/td><\/tr><tr><td><strong>1831<\/strong><\/td><td>S\u00e9jour \u00e0 Rome.<\/td><td><img loading=\"lazy\" decoding=\"async\" width=\"10\" height=\"20\" src=\"http:\/\/berlioz-anhb.com\/images\/commun\/spacer.gif\"><\/td><td><strong>1831<\/strong><\/td><td>Premiers concerts de Paganini \u00e0 Paris.<\/td><\/tr><tr><td><strong>1832<\/strong><\/td><td><em>Le Retour \u00e0 la vie<\/em>.<\/td><td><img loading=\"lazy\" decoding=\"async\" width=\"10\" height=\"20\" src=\"http:\/\/berlioz-anhb.com\/images\/commun\/spacer.gif\"><\/td><td><strong>1832<\/strong><\/td><td>Mort de Goethe.<\/td><\/tr><tr><td><strong>1833<\/strong><\/td><td>Mariage avec Harriet Smithson.<\/td><td><img loading=\"lazy\" decoding=\"async\" width=\"10\" height=\"114\" src=\"http:\/\/berlioz-anhb.com\/images\/commun\/spacer.gif\"><\/td><td><strong>1833<\/strong><\/td><td><img loading=\"lazy\" decoding=\"async\" width=\"104\" height=\"113\" src=\"http:\/\/berlioz-anhb.com\/images\/berlioz\/balzac.gif\"><br>Naissance de Brahms.<br>Balzac&nbsp;:&nbsp;<em>Eug\u00e9nie Grandet.<\/em><\/td><\/tr><tr><td><strong>1834<\/strong><\/td><td>Naissance de son fils Louis.<em>&nbsp;Harold en Italie<\/em>.<br>Commence&nbsp;<em>Benvenuto Cellini<\/em>.<\/td><td><img loading=\"lazy\" decoding=\"async\" width=\"10\" height=\"32\" src=\"http:\/\/berlioz-anhb.com\/images\/commun\/spacer.gif\"><\/td><td><strong>1834<\/strong><\/td><td>Schumann fonde la <em>Neue Zeitschrift f\u00fcr Musik<\/em>.<\/td><\/tr><tr><td><strong>1835<\/strong><\/td><td>D\u00e9cide de diriger lui-m\u00eame ses concerts.<\/td><td><img loading=\"lazy\" decoding=\"async\" width=\"10\" height=\"20\" src=\"http:\/\/berlioz-anhb.com\/images\/commun\/spacer.gif\"><\/td><td><strong>1835<\/strong><\/td><td>Attentat de Fieschi contre le roi.<\/td><\/tr><tr><td><strong>1837<\/strong><\/td><td><em>Grande Messe des morts<\/em>&nbsp;(Requiem).<\/td><td><img loading=\"lazy\" decoding=\"async\" width=\"10\" height=\"20\" src=\"http:\/\/berlioz-anhb.com\/images\/commun\/spacer.gif\"><\/td><td><strong>1837<\/strong><\/td><td>D\u00e9buts en concert de Pauline Garc\u00eda.<\/td><\/tr><tr><td><strong>1838<\/strong><\/td><td>Mort de sa m\u00e8re.<br>\u00c9chec public de\u00a0<em>Benvenuto Cellini<\/em>.<\/td><td><img loading=\"lazy\" decoding=\"async\" width=\"10\" height=\"32\" src=\"http:\/\/berlioz-anhb.com\/images\/commun\/spacer.gif\"><\/td><td><strong>1838<\/strong><\/td><td>Mort de Talleyrand. Naissance de Bizet.<br>Arriv\u00e9e de Stephen Heller \u00e0 Paris.<\/td><\/tr><tr><td><strong>1839<\/strong><\/td><td>Est nomm\u00e9 biblioth\u00e9caire adjoint au Conservatoire.<em><br>Rom\u00e9o et Juliette<\/em>.<\/td><td><img loading=\"lazy\" decoding=\"async\" width=\"10\" height=\"32\" src=\"http:\/\/berlioz-anhb.com\/images\/commun\/spacer.gif\"><\/td><td><strong>1839<\/strong><\/td><td>Naissance de Moussorgski.<br>D\u00e9but du premier s\u00e9jour de Wagner \u00e0 Paris.<\/td><\/tr><tr><td><strong>1840<\/strong><\/td><td><em>Grande Symphonie fun\u00e8bre et triomphale<\/em>.<\/td><td><img loading=\"lazy\" decoding=\"async\" width=\"10\" height=\"32\" src=\"http:\/\/berlioz-anhb.com\/images\/commun\/spacer.gif\"><\/td><td><strong>1840<\/strong><\/td><td>Retour des cendres de Napol\u00e9on.<br>Mort de Paganini.<\/td><\/tr><tr><td><strong>1841<\/strong><\/td><td>D\u00e9but de la liaison avec Marie Recio.<br><em>Les Nuits d\u2019\u00e9t\u00e9<\/em>.<\/td><td><img loading=\"lazy\" decoding=\"async\" width=\"10\" height=\"32\" src=\"http:\/\/berlioz-anhb.com\/images\/commun\/spacer.gif\"><\/td><td><strong>1841<\/strong><\/td><td>Adam&nbsp;:&nbsp;<em>Giselle.<\/em><br>Naissance de Chabrier.<\/td><\/tr><tr><td><strong>1842<\/strong><\/td><td>Voyage \u00e0 Bruxelles et tourn\u00e9e en Allemagne.<\/td><td><img loading=\"lazy\" decoding=\"async\" width=\"10\" height=\"32\" src=\"http:\/\/berlioz-anhb.com\/images\/commun\/spacer.gif\"><\/td><td><strong>1842<\/strong><\/td><td>Mort accidentelle du duc d\u2019Orl\u00e9ans.<br>Glinka&nbsp;:&nbsp;<em>Rousslan et Ludmilla<\/em>.<\/td><\/tr><tr><td><strong>1843<\/strong><\/td><td>Suite du voyage en Allemagne.&nbsp;<em>Grand Trait\u00e9 d\u2019instrumentation et d\u2019orchestration modernes<\/em>.<\/td><td><img loading=\"lazy\" decoding=\"async\" width=\"10\" height=\"32\" src=\"http:\/\/berlioz-anhb.com\/images\/commun\/spacer.gif\"><\/td><td><strong>1843<\/strong><\/td><td>Wagner&nbsp;:&nbsp;<em>Le Vaisseau fant\u00f4me<\/em>.<\/td><\/tr><tr><td><strong>1844<\/strong><\/td><td><em>Le Carnaval romain<\/em>.<\/td><td><img loading=\"lazy\" decoding=\"async\" width=\"10\" height=\"20\" src=\"http:\/\/berlioz-anhb.com\/images\/commun\/spacer.gif\"><\/td><td><strong>1844<\/strong><\/td><td>Naissance de Rimski-Korsakov.<\/td><\/tr><tr><td><strong>1845<\/strong><\/td><td>Concerts au Cirque olympique.<br>D\u00e9part pour Vienne.<\/td><td><img loading=\"lazy\" decoding=\"async\" width=\"10\" height=\"32\" src=\"http:\/\/berlioz-anhb.com\/images\/commun\/spacer.gif\"><\/td><td><strong>1845<\/strong><\/td><td>Wagner&nbsp;:&nbsp;<em>Tannh\u00e4user<\/em>. Naissance de Faur\u00e9.<\/td><\/tr><tr><td><strong>1846<\/strong><\/td><td>Suite du voyage.<em><br>La Damnation de Faust<\/em>.<\/td><td><img loading=\"lazy\" decoding=\"async\" width=\"10\" height=\"32\" src=\"http:\/\/berlioz-anhb.com\/images\/commun\/spacer.gif\"><\/td><td><strong>1846<\/strong><\/td><td>Liszt est nomm\u00e9 ma\u00eetre de chapelle \u00e0<br>Weimar. D\u00e9buts de Saint-Sa\u00ebns.<\/td><\/tr><tr><td><strong>1847<\/strong><\/td><td>Tourn\u00e9e \u00e0 Saint-P\u00e9tersbourg et Moscou.<\/td><td><img loading=\"lazy\" decoding=\"async\" width=\"10\" height=\"20\" src=\"http:\/\/berlioz-anhb.com\/images\/commun\/spacer.gif\"><\/td><td><strong>1847<\/strong><\/td><td>Mort de Mendelssohn.<\/td><\/tr><tr><td><strong>1848<\/strong><\/td><td>S\u00e9jour \u00e0 Londres. D\u00e9but de la r\u00e9daction des&nbsp;<em>M\u00e9moires<\/em>.<br>Mort de son p\u00e8re.<\/td><td><img loading=\"lazy\" decoding=\"async\" width=\"10\" height=\"45\" src=\"http:\/\/berlioz-anhb.com\/images\/commun\/spacer.gif\"><\/td><td><strong>1848<\/strong><\/td><td>R\u00e9volution \u00e0 Paris. La R\u00e9publique est proclam\u00e9e.<br>Mort de Chateaubriand.<\/td><\/tr><tr><td><strong>1849<\/strong><\/td><td>Organise la Soci\u00e9t\u00e9 philharmonique.<br><em>Te Deum<\/em>.<\/td><td><img loading=\"lazy\" decoding=\"async\" width=\"10\" height=\"114\" src=\"http:\/\/berlioz-anhb.com\/images\/commun\/spacer.gif\"><\/td><td><strong>1849<\/strong><\/td><td><img loading=\"lazy\" decoding=\"async\" width=\"104\" height=\"113\" src=\"http:\/\/berlioz-anhb.com\/images\/berlioz\/chopin.gif\"><br>Mort de\u00a0Chopin<br>et de Habeneck.<br>Courbet\u00a0:<br><em>L\u2019Enterrement \u00e0 Ornans<\/em>.<\/td><\/tr><tr><td><strong>1850<\/strong><\/td><td>Mort de sa s\u0153ur a\u00een\u00e9e.<br>Premi\u00e8re saison de la Soci\u00e9t\u00e9 philharmonique.<\/td><td><img loading=\"lazy\" decoding=\"async\" width=\"10\" height=\"32\" src=\"http:\/\/berlioz-anhb.com\/images\/commun\/spacer.gif\"><\/td><td><strong>1850<\/strong><\/td><td>Wagner\u00a0:\u00a0<em>Lohengrin<\/em>\u00a0(direction\u00a0: Liszt).<br>Ouverture au public du t\u00e9l\u00e9graphe.<\/td><\/tr><tr><td><strong>1851<\/strong><\/td><td>Derni\u00e8re saison de la Soci\u00e9t\u00e9 philharmonique. Deuxi\u00e8me s\u00e9jour \u00e0 Londres, pour l\u2019Exposition.<\/td><td><img loading=\"lazy\" decoding=\"async\" width=\"10\" height=\"114\" src=\"http:\/\/berlioz-anhb.com\/images\/commun\/spacer.gif\"><\/td><td><strong>1851<\/strong><\/td><td><img loading=\"lazy\" decoding=\"async\" width=\"160\" height=\"113\" src=\"http:\/\/berlioz-anhb.com\/images\/berlioz\/turner.gif\"><br>Mort\u00a0de Spontini et de\u00a0Turner. Coup d\u2019\u00c9tat de Louis-Napol\u00e9on.<br><em>Ci-dessus : <br>William Turner, Rain, Steam and Speed &#8211; The Great Western Railway.<\/em><\/td><\/tr><tr><td><strong>1852<\/strong><\/td><td>Troisi\u00e8me s\u00e9jour \u00e0 Londres.<br>Publication des&nbsp;<em>Soir\u00e9es de l\u2019orchestre<\/em>.<\/td><td><img loading=\"lazy\" decoding=\"async\" width=\"10\" height=\"32\" src=\"http:\/\/berlioz-anhb.com\/images\/commun\/spacer.gif\"><\/td><td><strong>1852<\/strong><\/td><td>L\u2019empire est proclam\u00e9.<br>Boucicaut acquiert le Bon March\u00e9.<\/td><\/tr><tr><td><strong>1853<\/strong><\/td><td>Quatri\u00e8me s\u00e9jour \u00e0 Londres.<br>\u00c9chec public de\u00a0<em>Benvenuto Cellini<\/em>\u00a0\u00e0 Covent Garden.<br>Tourn\u00e9e en Allemagne.<\/td><td><img loading=\"lazy\" decoding=\"async\" width=\"10\" height=\"45\" src=\"http:\/\/berlioz-anhb.com\/images\/commun\/spacer.gif\"><\/td><td><strong>1853<\/strong><\/td><td>Mariage de Napol\u00e9on III.<br>Hugo&nbsp;:&nbsp;<em>Les Ch\u00e2timents<\/em>.<br>Fondation de la maison Steinway.<\/td><\/tr><tr><td><strong>1854<\/strong><\/td><td>Mort d\u2019Harriet. Tourn\u00e9e en Allemagne.<br>Mariage avec Marie Recio.&nbsp;<em>L\u2019Enfance du Christ<\/em>.<br>Fin de la r\u00e9daction des&nbsp;<em>M\u00e9moires<\/em>.<\/td><td><img loading=\"lazy\" decoding=\"async\" width=\"10\" height=\"45\" src=\"http:\/\/berlioz-anhb.com\/images\/commun\/spacer.gif\"><\/td><td><strong>1854<\/strong><\/td><td>Liszt&nbsp;:&nbsp;<em>Faust-Symphonie<\/em>.<br>Nadar ouvre son atelier rue Saint-Lazare.<br>Sand&nbsp;:&nbsp;<em>Histoire de ma vie<\/em>.<\/td><\/tr><tr><td><strong>1855<\/strong><\/td><td>Cinqui\u00e8me s\u00e9jour \u00e0 Londres.<\/td><td><img loading=\"lazy\" decoding=\"async\" width=\"10\" height=\"20\" src=\"http:\/\/berlioz-anhb.com\/images\/commun\/spacer.gif\"><\/td><td><strong>1855<\/strong><\/td><td>Exposition universelle.<\/td><\/tr><tr><td><strong>1856<\/strong><\/td><td>D\u00e9but de la composition des&nbsp;<em>Troyens<\/em>.<\/td><td><img loading=\"lazy\" decoding=\"async\" width=\"10\" height=\"20\" src=\"http:\/\/berlioz-anhb.com\/images\/commun\/spacer.gif\"><\/td><td><strong>1856<\/strong><\/td><td>Mort de Schumann.<\/td><\/tr><tr><td><strong>1857<\/strong><\/td><td>Ach\u00e8vement du po\u00e8me des&nbsp;<em>Troyens<\/em>.<\/td><td><img loading=\"lazy\" decoding=\"async\" width=\"10\" height=\"20\" src=\"http:\/\/berlioz-anhb.com\/images\/commun\/spacer.gif\"><\/td><td><strong>1857<\/strong><\/td><td>Bizet obtient le Prix de Rome.<\/td><\/tr><tr><td><strong>1858<\/strong><\/td><td>Ach\u00e8vement des&nbsp;<em>Troyens<\/em>.<br>Concerts \u00e0 Bade.&nbsp;<\/td><td><img loading=\"lazy\" decoding=\"async\" width=\"10\" height=\"32\" src=\"http:\/\/berlioz-anhb.com\/images\/commun\/spacer.gif\"><\/td><td><strong>1858<\/strong><\/td><td>Formation du Groupe des cinq.<br>Wagner : esquisse en prose de\u00a0<em>Parsifal<\/em>.<\/td><\/tr><tr><td><strong>1859<\/strong><\/td><td>Publication des&nbsp;<em>Grotesques de la musique<\/em>.<\/td><td><img loading=\"lazy\" decoding=\"async\" width=\"10\" height=\"32\" src=\"http:\/\/berlioz-anhb.com\/images\/commun\/spacer.gif\"><\/td><td><strong>1859<\/strong><\/td><td>Gounod&nbsp;:&nbsp;<em>Faust<\/em>.<br>Wagner ach\u00e8ve&nbsp;<em>Tristan und Isolde<\/em>.<\/td><\/tr><tr><td><strong>1860<\/strong><\/td><td>Mort de sa s\u0153ur cadette.<br>D\u00e9but de la composition de&nbsp;<em>B\u00e9atrice et B\u00e9n\u00e9dict<\/em>.<\/td><td><img loading=\"lazy\" decoding=\"async\" width=\"10\" height=\"32\" src=\"http:\/\/berlioz-anhb.com\/images\/commun\/spacer.gif\"><\/td><td><strong>1860<\/strong><\/td><td>Fondation des Concerts populaires (Pasdeloup). Naissance&nbsp;de&nbsp;Mahler.<\/td><\/tr><tr><td><strong>1861<\/strong><\/td><td><em>Alceste<\/em>&nbsp;de Gluck \u00e0 l\u2019Op\u00e9ra.<\/td><td><img loading=\"lazy\" decoding=\"async\" width=\"10\" height=\"20\" src=\"http:\/\/berlioz-anhb.com\/images\/commun\/spacer.gif\"><\/td><td><strong>1861<\/strong><\/td><td>\u00c9chec de&nbsp;<em>Tannh\u00e4user<\/em>&nbsp;\u00e0 l\u2019Op\u00e9ra de Paris.<\/td><\/tr><tr><td><strong>1862<\/strong><\/td><td>Mort de Marie Recio.<em><br>B\u00e9atrice et B\u00e9n\u00e9dict<\/em>\u00a0cr\u00e9\u00e9 \u00e0 Baden-Baden. Publication\u00a0d\u2019<em>\u00c0 travers chants<\/em>.<\/td><td><img loading=\"lazy\" decoding=\"async\" width=\"10\" height=\"45\" src=\"http:\/\/berlioz-anhb.com\/images\/commun\/spacer.gif\"><\/td><td><strong>1862<\/strong><\/td><td>Naissance de Debussy.<br>Pose de la premi\u00e8re pierre de l\u2019Op\u00e9ra Garnier. Inauguration&nbsp;du&nbsp;Th\u00e9\u00e2tre-Lyrique<\/td><\/tr><tr><td><strong>1863<\/strong><\/td><td><em>Les Troyens<\/em>&nbsp;au Th\u00e9\u00e2tre-Lyrique<br>(les deux premiers actes sont coup\u00e9s).<\/td><td><img loading=\"lazy\" decoding=\"async\" width=\"10\" height=\"32\" src=\"http:\/\/berlioz-anhb.com\/images\/commun\/spacer.gif\"><\/td><td><strong>1863<\/strong><\/td><td>Bizet&nbsp;:&nbsp;<em>Les P\u00eacheurs de perles<\/em>.<br>Mort de Delacroix et de Vigny.<\/td><\/tr><tr><td><strong>1864<\/strong><\/td><td>Voyage en Dauphin\u00e9 et visite \u00e0 Estelle.<\/td><td><img loading=\"lazy\" decoding=\"async\" width=\"10\" height=\"20\" src=\"http:\/\/berlioz-anhb.com\/images\/commun\/spacer.gif\"><\/td><td><strong>1864<\/strong><\/td><td>Naissance de Richard Strauss.<\/td><\/tr><tr><td><strong>1865<\/strong><\/td><td>Visite \u00e0 Estelle \u00e0 Gen\u00e8ve.<br>S\u00e9jour chez ses ni\u00e8ces. Impression\u00a0des\u00a0<em>M\u00e9moires<\/em>.<\/td><td><img loading=\"lazy\" decoding=\"async\" width=\"10\" height=\"32\" src=\"http:\/\/berlioz-anhb.com\/images\/commun\/spacer.gif\"><\/td><td><strong>1865<\/strong><\/td><td>Naissance de Paul Dukas.<br>Cr\u00e9ation de&nbsp;<em>Tristan und Isolde<\/em>.<\/td><\/tr><tr><td><strong>1866<\/strong><\/td><td>Seconde visite \u00e0 Estelle \u00e0 G\u00e9n\u00e8ve.<\/td><td><img loading=\"lazy\" decoding=\"async\" width=\"10\" height=\"20\" src=\"http:\/\/berlioz-anhb.com\/images\/commun\/spacer.gif\"><\/td><td><strong>1866<\/strong><\/td><td>Thomas&nbsp;:&nbsp;<em>Mignon<\/em>. Naissance&nbsp;de Satie.<\/td><\/tr><tr><td><strong>1867<\/strong><\/td><td>Mort de son fils Louis.<br>Second voyage en Russie.\u00a0<\/td><td><img loading=\"lazy\" decoding=\"async\" width=\"10\" height=\"32\" src=\"http:\/\/berlioz-anhb.com\/images\/commun\/spacer.gif\"><\/td><td><strong>1867<\/strong><\/td><td>Gounod&nbsp;:&nbsp;<em>Rom\u00e9o et Juliette<\/em>.<br>Liszt&nbsp;:&nbsp;<em>Christus<\/em>. Mort de Ingres.<\/td><\/tr><tr><td><strong>1868<\/strong><\/td><td>Voyage \u00e0 Nice et \u00e0 Monaco. Maladie.<\/td><td><img loading=\"lazy\" decoding=\"async\" width=\"10\" height=\"20\" src=\"http:\/\/berlioz-anhb.com\/images\/commun\/spacer.gif\"><\/td><td><strong>1868<\/strong><\/td><td>Mort de Rossini.<\/td><\/tr><tr><td><strong>1869<\/strong><\/td><td>Mort de Berlioz \u00e0 Paris le 8 mars.<\/td><td><img loading=\"lazy\" decoding=\"async\" width=\"10\" height=\"20\" src=\"http:\/\/berlioz-anhb.com\/images\/commun\/spacer.gif\"><\/td><td><strong>1869<\/strong><\/td><td>Mort de Lamartine.<\/td><\/tr><\/tbody><\/table><\/figure>\n","protected":false},"excerpt":{"rendered":"<p>1803 Naissance d&#8217;Hector Berlioz \u00e0 La C\u00f4te-Saint-Andr\u00e9 le 11 d\u00e9cembre. 1803 Cr\u00e9ation du Prix de Rome de musique. 1809 \u00c9tudes au s\u00e9minaire. 1809 Mort de Haydn. Spontini\u00a0:\u00a0Fernand Cortez. 1811 Fermeture [&hellip;]<\/p>\n","protected":false},"author":1,"featured_media":3243,"parent":16,"menu_order":0,"comment_status":"closed","ping_status":"closed","template":"","meta":{"footnotes":""},"class_list":["post-3252","page","type-page","status-publish","has-post-thumbnail","hentry"],"_links":{"self":[{"href":"https:\/\/www.berlioz-anhb.com\/index.php\/wp-json\/wp\/v2\/pages\/3252","targetHints":{"allow":["GET"]}}],"collection":[{"href":"https:\/\/www.berlioz-anhb.com\/index.php\/wp-json\/wp\/v2\/pages"}],"about":[{"href":"https:\/\/www.berlioz-anhb.com\/index.php\/wp-json\/wp\/v2\/types\/page"}],"author":[{"embeddable":true,"href":"https:\/\/www.berlioz-anhb.com\/index.php\/wp-json\/wp\/v2\/users\/1"}],"replies":[{"embeddable":true,"href":"https:\/\/www.berlioz-anhb.com\/index.php\/wp-json\/wp\/v2\/comments?post=3252"}],"version-history":[{"count":5,"href":"https:\/\/www.berlioz-anhb.com\/index.php\/wp-json\/wp\/v2\/pages\/3252\/revisions"}],"predecessor-version":[{"id":4305,"href":"https:\/\/www.berlioz-anhb.com\/index.php\/wp-json\/wp\/v2\/pages\/3252\/revisions\/4305"}],"up":[{"embeddable":true,"href":"https:\/\/www.berlioz-anhb.com\/index.php\/wp-json\/wp\/v2\/pages\/16"}],"wp:featuredmedia":[{"embeddable":true,"href":"https:\/\/www.berlioz-anhb.com\/index.php\/wp-json\/wp\/v2\/media\/3243"}],"wp:attachment":[{"href":"https:\/\/www.berlioz-anhb.com\/index.php\/wp-json\/wp\/v2\/media?parent=3252"}],"curies":[{"name":"wp","href":"https:\/\/api.w.org\/{rel}","templated":true}]}}