{"id":101,"date":"2024-07-02T09:23:34","date_gmt":"2024-07-02T07:23:34","guid":{"rendered":"http:\/\/obkgqww.cluster023.hosting.ovh.net\/?page_id=101"},"modified":"2025-03-20T14:54:14","modified_gmt":"2025-03-20T13:54:14","slug":"objectifs","status":"publish","type":"page","link":"https:\/\/www.berlioz-anhb.com\/index.php\/lassociation\/objectifs\/","title":{"rendered":"Objectifs"},"content":{"rendered":"<p><strong>L\u2019ambition premi\u00e8re de l\u2019AnHB demeure la diffusion de l\u2019\u0153uvre musical et litt\u00e9raire de Berlioz\u00a0:<\/strong><\/p>\n\n\n<ul class=\"wp-block-list\">\n<li>par le soutien de toute manifestation exceptionnelle r\u00e9pondant \u00e0 ces crit\u00e8res ;<\/li>\n\n\n\n<li>par un accroissement des \u00e9changes avec les musiciens, les sp\u00e9cialistes et les amateurs de tous pays ;<\/li>\n\n\n\n<li>par des projets \u00e9ditoriaux de r\u00e9f\u00e9rence dont le contenu sera divulgu\u00e9 au fur et \u00e0 mesure de leur mise en chantier ;<\/li>\n\n\n\n<li>par des expositions, conf\u00e9rences et autres moyens audio-visuels.<\/li>\n<\/ul>\n\n\n\n<p>Qu\u2019on le veuille ou non, le g\u00e9nie berliozien est encore mal per\u00e7u : c\u2019est \u00e0 vaincre cette m\u00e9connaissance que l\u2019Association nationale Hector Berlioz s\u2019attache, par devoir et par conviction, avec l\u2019aide des admirateurs du ma\u00eetre qui ont \u00e0 c\u0153ur de lui apporter leur temps, leurs id\u00e9es, leur talent, et surtout leur in\u00e9puisable enthousiasme.<\/p>\n","protected":false},"excerpt":{"rendered":"<p>L\u2019ambition premi\u00e8re de l\u2019AnHB demeure la diffusion de l\u2019\u0153uvre musical et litt\u00e9raire de Berlioz\u00a0: Qu\u2019on le veuille ou non, le g\u00e9nie berliozien est encore mal per\u00e7u : c\u2019est \u00e0 vaincre [&hellip;]<\/p>\n","protected":false},"author":1,"featured_media":4280,"parent":14,"menu_order":0,"comment_status":"closed","ping_status":"closed","template":"","meta":{"footnotes":""},"class_list":["post-101","page","type-page","status-publish","has-post-thumbnail","hentry"],"_links":{"self":[{"href":"https:\/\/www.berlioz-anhb.com\/index.php\/wp-json\/wp\/v2\/pages\/101","targetHints":{"allow":["GET"]}}],"collection":[{"href":"https:\/\/www.berlioz-anhb.com\/index.php\/wp-json\/wp\/v2\/pages"}],"about":[{"href":"https:\/\/www.berlioz-anhb.com\/index.php\/wp-json\/wp\/v2\/types\/page"}],"author":[{"embeddable":true,"href":"https:\/\/www.berlioz-anhb.com\/index.php\/wp-json\/wp\/v2\/users\/1"}],"replies":[{"embeddable":true,"href":"https:\/\/www.berlioz-anhb.com\/index.php\/wp-json\/wp\/v2\/comments?post=101"}],"version-history":[{"count":6,"href":"https:\/\/www.berlioz-anhb.com\/index.php\/wp-json\/wp\/v2\/pages\/101\/revisions"}],"predecessor-version":[{"id":3471,"href":"https:\/\/www.berlioz-anhb.com\/index.php\/wp-json\/wp\/v2\/pages\/101\/revisions\/3471"}],"up":[{"embeddable":true,"href":"https:\/\/www.berlioz-anhb.com\/index.php\/wp-json\/wp\/v2\/pages\/14"}],"wp:featuredmedia":[{"embeddable":true,"href":"https:\/\/www.berlioz-anhb.com\/index.php\/wp-json\/wp\/v2\/media\/4280"}],"wp:attachment":[{"href":"https:\/\/www.berlioz-anhb.com\/index.php\/wp-json\/wp\/v2\/media?parent=101"}],"curies":[{"name":"wp","href":"https:\/\/api.w.org\/{rel}","templated":true}]}}